{"version":"1.0","provider_name":"Blog Noticias Ecca","provider_url":"https:\/\/blognoticias.ecca.edu.es\/en","author_name":"ECCA","author_url":"https:\/\/blognoticias.ecca.edu.es\/en\/author\/admin\/","title":"Taller de Derechos Laborales con Perspectiva de G\u00e9nero","type":"rich","width":600,"height":338,"html":"<blockquote class=\"wp-embedded-content\" data-secret=\"AN6Kfm0RKz\"><a href=\"https:\/\/blognoticias.ecca.edu.es\/en\/taller-de-derechos-laborales-con-perspectiva-de-genero\/\">Taller de Derechos Laborales con Perspectiva de G\u00e9nero<\/a><\/blockquote><iframe sandbox=\"allow-scripts\" security=\"restricted\" src=\"https:\/\/blognoticias.ecca.edu.es\/en\/taller-de-derechos-laborales-con-perspectiva-de-genero\/embed\/#?secret=AN6Kfm0RKz\" width=\"600\" height=\"338\" title=\"&#8220;Taller de Derechos Laborales con Perspectiva de G\u00e9nero&#8221; &#8212; Blog Noticias Ecca\" data-secret=\"AN6Kfm0RKz\" frameborder=\"0\" marginwidth=\"0\" marginheight=\"0\" scrolling=\"no\" class=\"wp-embedded-content\"><\/iframe><script type=\"text\/javascript\">\n\/* <![CDATA[ *\/\n\/*! This file is auto-generated *\/\n!function(d,l){\"use strict\";l.querySelector&&d.addEventListener&&\"undefined\"!=typeof URL&&(d.wp=d.wp||{},d.wp.receiveEmbedMessage||(d.wp.receiveEmbedMessage=function(e){var t=e.data;if((t||t.secret||t.message||t.value)&&!\/[^a-zA-Z0-9]\/.test(t.secret)){for(var s,r,n,a=l.querySelectorAll('iframe[data-secret=\"'+t.secret+'\"]'),o=l.querySelectorAll('blockquote[data-secret=\"'+t.secret+'\"]'),c=new RegExp(\"^https?:$\",\"i\"),i=0;i<o.length;i++)o[i].style.display=\"none\";for(i=0;i<a.length;i++)s=a[i],e.source===s.contentWindow&&(s.removeAttribute(\"style\"),\"height\"===t.message?(1e3<(r=parseInt(t.value,10))?r=1e3:~~r<200&&(r=200),s.height=r):\"link\"===t.message&&(r=new URL(s.getAttribute(\"src\")),n=new URL(t.value),c.test(n.protocol))&&n.host===r.host&&l.activeElement===s&&(d.top.location.href=t.value))}},d.addEventListener(\"message\",d.wp.receiveEmbedMessage,!1),l.addEventListener(\"DOMContentLoaded\",function(){for(var e,t,s=l.querySelectorAll(\"iframe.wp-embedded-content\"),r=0;r<s.length;r++)(t=(e=s[r]).getAttribute(\"data-secret\"))||(t=Math.random().toString(36).substring(2,12),e.src+=\"#?secret=\"+t,e.setAttribute(\"data-secret\",t)),e.contentWindow.postMessage({message:\"ready\",secret:t},\"*\")},!1)))}(window,document);\n\/\/# sourceURL=https:\/\/blognoticias.ecca.edu.es\/wp-includes\/js\/wp-embed.min.js\n\/* ]]> *\/\n<\/script>","description":"El pasado lunes 12 de diciembre, las participantes del Programa Ellas 2022, pudieron asistir a un taller de derecho laboral desarrollado gracias a la colaboraci\u00f3n de Palm\u00e9s y Asociados en el Centro Loyola. En el mismo, pudieron aprender nociones b\u00e1sicas en la relaci\u00f3n empleador\/a y empleado\/a, informaci\u00f3n actualizada de las \u00faltimas reformas de la ley, [&hellip;]","thumbnail_url":"https:\/\/blogger.googleusercontent.com\/img\/b\/R29vZ2xl\/AVvXsEh_DzBG4h0TOWruGkBQgwVQGSPXrIPUhWWiEm1-sbtFVPpFWRbt4VIly9ZYOgaoJlEA23hMcuN0VdVxvyBTw9KNSd05KVSMhA3Cg8IQf1PP0KDlViMqnn84vRKc2O0cbfkOdfRkc1xQcADbyL8gNMS0Gje6naxQ5-Zl_OfBhVwUNfiD-j-Fs4KhHZyq\/w665-h374\/Dise%C3%B1o%20sin%20t%C3%ADtulo.jpg"}

Taller de Derechos Laborales con Perspectiva de Género

<blockquote class="wp-embedded-content" data-secret="AN6Kfm0RKz"><a href="https://blognoticias.ecca.edu.es/en/taller-de-derechos-laborales-con-perspectiva-de-genero/">Taller de Derechos Laborales con Perspectiva de Género</a></blockquote><iframe sandbox="allow-scripts" security="restricted" src="https://blognoticias.ecca.edu.es/en/taller-de-derechos-laborales-con-perspectiva-de-genero/embed/#?secret=AN6Kfm0RKz" width="600" height="338" title="&#8220;Taller de Derechos Laborales con Perspectiva de Género&#8221; &#8212; Blog Noticias Ecca" data-secret="AN6Kfm0RKz" frameborder="0" marginwidth="0" marginheight="0" scrolling="no" class="wp-embedded-content"></iframe><script type="text/javascript">
/* <![CDATA[ */
/*! This file is auto-generated */
!function(d,l){"use strict";l.querySelector&&d.addEventListener&&"undefined"!=typeof URL&&(d.wp=d.wp||{},d.wp.receiveEmbedMessage||(d.wp.receiveEmbedMessage=function(e){var t=e.data;if((t||t.secret||t.message||t.value)&&!/[^a-zA-Z0-9]/.test(t.secret)){for(var s,r,n,a=l.querySelectorAll('iframe[data-secret="'+t.secret+'"]'),o=l.querySelectorAll('blockquote[data-secret="'+t.secret+'"]'),c=new RegExp("^https?:$","i"),i=0;i<o.length;i++)o[i].style.display="none";for(i=0;i<a.length;i++)s=a[i],e.source===s.contentWindow&&(s.removeAttribute("style"),"height"===t.message?(1e3<(r=parseInt(t.value,10))?r=1e3:~~r<200&&(r=200),s.height=r):"link"===t.message&&(r=new URL(s.getAttribute("src")),n=new URL(t.value),c.test(n.protocol))&&n.host===r.host&&l.activeElement===s&&(d.top.location.href=t.value))}},d.addEventListener("message",d.wp.receiveEmbedMessage,!1),l.addEventListener("DOMContentLoaded",function(){for(var e,t,s=l.querySelectorAll("iframe.wp-embedded-content"),r=0;r<s.length;r++)(t=(e=s[r]).getAttribute("data-secret"))||(t=Math.random().toString(36).substring(2,12),e.src+="#?secret="+t,e.setAttribute("data-secret",t)),e.contentWindow.postMessage({message:"ready",secret:t},"*")},!1)))}(window,document);
//# sourceURL=https://blognoticias.ecca.edu.es/wp-includes/js/wp-embed.min.js
/* ]]> */
</script>

El pasado lunes 12 de diciembre, las participantes del Programa Ellas 2022, pudieron asistir a un taller de derecho laboral desarrollado gracias a la colaboración de Palmés y Asociados en el Centro Loyola. En el mismo, pudieron aprender nociones básicas en la relación empleador/a y empleado/a, información actualizada de las últimas reformas de la ley, [&hellip;]
