{"version":"1.0","provider_name":"Blog Noticias Ecca","provider_url":"https:\/\/blognoticias.ecca.edu.es\/en","author_name":"ECCA","author_url":"https:\/\/blognoticias.ecca.edu.es\/en\/author\/admin\/","title":"Formaci\u00f3n para la inserci\u00f3n laboral de personas vulnerables","type":"rich","width":600,"height":338,"html":"<blockquote class=\"wp-embedded-content\" data-secret=\"ZkswsvYefD\"><a href=\"https:\/\/blognoticias.ecca.edu.es\/en\/formacion-para-la-insercion-laboral-de-personas-vulnerables\/\">Formaci\u00f3n para la inserci\u00f3n laboral de personas vulnerables<\/a><\/blockquote><iframe sandbox=\"allow-scripts\" security=\"restricted\" src=\"https:\/\/blognoticias.ecca.edu.es\/en\/formacion-para-la-insercion-laboral-de-personas-vulnerables\/embed\/#?secret=ZkswsvYefD\" width=\"600\" height=\"338\" title=\"&#8220;Formaci\u00f3n para la inserci\u00f3n laboral de personas vulnerables&#8221; &#8212; Blog Noticias Ecca\" data-secret=\"ZkswsvYefD\" frameborder=\"0\" marginwidth=\"0\" marginheight=\"0\" scrolling=\"no\" class=\"wp-embedded-content\"><\/iframe><script type=\"text\/javascript\">\n\/* <![CDATA[ *\/\n\/*! This file is auto-generated *\/\n!function(d,l){\"use strict\";l.querySelector&&d.addEventListener&&\"undefined\"!=typeof URL&&(d.wp=d.wp||{},d.wp.receiveEmbedMessage||(d.wp.receiveEmbedMessage=function(e){var t=e.data;if((t||t.secret||t.message||t.value)&&!\/[^a-zA-Z0-9]\/.test(t.secret)){for(var s,r,n,a=l.querySelectorAll('iframe[data-secret=\"'+t.secret+'\"]'),o=l.querySelectorAll('blockquote[data-secret=\"'+t.secret+'\"]'),c=new RegExp(\"^https?:$\",\"i\"),i=0;i<o.length;i++)o[i].style.display=\"none\";for(i=0;i<a.length;i++)s=a[i],e.source===s.contentWindow&&(s.removeAttribute(\"style\"),\"height\"===t.message?(1e3<(r=parseInt(t.value,10))?r=1e3:~~r<200&&(r=200),s.height=r):\"link\"===t.message&&(r=new URL(s.getAttribute(\"src\")),n=new URL(t.value),c.test(n.protocol))&&n.host===r.host&&l.activeElement===s&&(d.top.location.href=t.value))}},d.addEventListener(\"message\",d.wp.receiveEmbedMessage,!1),l.addEventListener(\"DOMContentLoaded\",function(){for(var e,t,s=l.querySelectorAll(\"iframe.wp-embedded-content\"),r=0;r<s.length;r++)(t=(e=s[r]).getAttribute(\"data-secret\"))||(t=Math.random().toString(36).substring(2,12),e.src+=\"#?secret=\"+t,e.setAttribute(\"data-secret\",t)),e.contentWindow.postMessage({message:\"ready\",secret:t},\"*\")},!1)))}(window,document);\n\/\/# sourceURL=https:\/\/blognoticias.ecca.edu.es\/wp-includes\/js\/wp-embed.min.js\n\/* ]]> *\/\n<\/script>","description":"La delegaci\u00f3n de Radio ECCA en Galicia sigue adelante con el Programa integrado para el fomento de la empleabilidad de personas vulnerables. Se trata de un programa pionero que se est\u00e1 llevando a cabo durante el presente a\u00f1o 2022, y que surge de la colaboraci\u00f3n entre la Conseller\u00eda de Empleo e Igualdad de la Xunta [&hellip;]","thumbnail_url":"https:\/\/blogger.googleusercontent.com\/img\/b\/R29vZ2xl\/AVvXsEgttD6QZ9YYDK2tfi7evA3M7iWo8y0MQXdeQVha_8Ihd6z2ltvyQjKAPRqkZqTKYtY7PmttAUohbBUGu18aKKjnwmZepTuzNMQDkFjrPellFN9ux4DG-LY779DrKXc7u61Ks6LHHwm3NAjCBWnZYkXFpweIvQ_8BuokcXXpF2sUnPlUjqwnFJ4055IW\/s320\/1%20foto%20clase.jpeg"}

Formación para la inserción laboral de personas vulnerables

<blockquote class="wp-embedded-content" data-secret="ZkswsvYefD"><a href="https://blognoticias.ecca.edu.es/en/formacion-para-la-insercion-laboral-de-personas-vulnerables/">Formación para la inserción laboral de personas vulnerables</a></blockquote><iframe sandbox="allow-scripts" security="restricted" src="https://blognoticias.ecca.edu.es/en/formacion-para-la-insercion-laboral-de-personas-vulnerables/embed/#?secret=ZkswsvYefD" width="600" height="338" title="&#8220;Formación para la inserción laboral de personas vulnerables&#8221; &#8212; Blog Noticias Ecca" data-secret="ZkswsvYefD" frameborder="0" marginwidth="0" marginheight="0" scrolling="no" class="wp-embedded-content"></iframe><script type="text/javascript">
/* <![CDATA[ */
/*! This file is auto-generated */
!function(d,l){"use strict";l.querySelector&&d.addEventListener&&"undefined"!=typeof URL&&(d.wp=d.wp||{},d.wp.receiveEmbedMessage||(d.wp.receiveEmbedMessage=function(e){var t=e.data;if((t||t.secret||t.message||t.value)&&!/[^a-zA-Z0-9]/.test(t.secret)){for(var s,r,n,a=l.querySelectorAll('iframe[data-secret="'+t.secret+'"]'),o=l.querySelectorAll('blockquote[data-secret="'+t.secret+'"]'),c=new RegExp("^https?:$","i"),i=0;i<o.length;i++)o[i].style.display="none";for(i=0;i<a.length;i++)s=a[i],e.source===s.contentWindow&&(s.removeAttribute("style"),"height"===t.message?(1e3<(r=parseInt(t.value,10))?r=1e3:~~r<200&&(r=200),s.height=r):"link"===t.message&&(r=new URL(s.getAttribute("src")),n=new URL(t.value),c.test(n.protocol))&&n.host===r.host&&l.activeElement===s&&(d.top.location.href=t.value))}},d.addEventListener("message",d.wp.receiveEmbedMessage,!1),l.addEventListener("DOMContentLoaded",function(){for(var e,t,s=l.querySelectorAll("iframe.wp-embedded-content"),r=0;r<s.length;r++)(t=(e=s[r]).getAttribute("data-secret"))||(t=Math.random().toString(36).substring(2,12),e.src+="#?secret="+t,e.setAttribute("data-secret",t)),e.contentWindow.postMessage({message:"ready",secret:t},"*")},!1)))}(window,document);
//# sourceURL=https://blognoticias.ecca.edu.es/wp-includes/js/wp-embed.min.js
/* ]]> */
</script>

La delegación de Radio ECCA en Galicia sigue adelante con el Programa integrado para el fomento de la empleabilidad de personas vulnerables. Se trata de un programa pionero que se está llevando a cabo durante el presente año 2022, y que surge de la colaboración entre la Consellería de Empleo e Igualdad de la Xunta [&hellip;]
